0030
In base 4, what is -1213210 + 1331?
-1211213
In base 4, what is -1 - 2130?
-2131
In base 7, what is -103626 + -2?
-103631
In base 12, what is -117a28 - 3?
-117a2b
In base 14, what is -3d046 - 1?
-3d047
In base 6, what is 152 + 21?
213
In base 14, what is 6a7 - 2?
6a5
In base 4, what is -10 + -210330023?
-210330033
In base 9, what is -4 - -1556330?
1556325
In base 14, what is 3188 + 15?
319d
In base 7, what is 1121310 + -3?
1121304
In base 12, what is 130 - -78?
1a8
In base 2, what is 10010101000111001 + 100110?
10010101001011111
In base 4, what is 3002201 - -3?
3002210
In base 13, what is 39 + 2a4?
310
In base 11, what is 19 + -127a37?
-127a19
In base 5, what is -20224321 - -3?
-20224313
In base 15, what is 14a - -9a1?
aeb
In base 13, what is 86932 - -4?
86936
In base 12, what is -89 - 88?
-155
In base 13, what is 12a5 - 3c?
1266
In base 12, what is 6355 - -2?
6357
In base 10, what is 88 - -404?
492
In base 16, what is -11 - -2f83?
2f72
In base 5, what is -13 + 1224?
1211
In base 5, what is 42034 + -142?
41342
In base 13, what is -29 + 203cc?
203a3
In base 4, what is -11303 - -221033?
203130
In base 4, what is -12230 - 3310?
-22200
In base 11, what is -40 - 435a2?
-43632
In base 4, what is 10 - 1020303030?
-1020303020
In base 5, what is -2211142 - 131?
-2211323
In base 3, what is -2 - -100200210202?
100200210200
In base 9, what is 3 + 521551?
521554
In base 8, what is 100 + 63364?
63464
In base 13, what is 5 + 7c3c?
7c44
In base 16, what is 37ec - 7?
37e5
In base 6, what is -11005 + 32?
-10533
In base 13, what is 5cc7 + -22?
5ca5
In base 4, what is 10110002 + -11?
10103331
In base 15, what is -21 - 9ebe?
-9ee0
In base 13, what is 4 + 3b3970?
3b3974
In base 11, what is -566874 + -3?
-566877
In base 3, what is -2101122 - 22112?
-2201011
In base 5, what is 1320 + 31?
1401
In base 11, what is 2295 - 53?
2242
In base 7, what is -3 - -62515?
62512
In base 4, what is -112012102 + -1?
-112012103
In base 15, what is 1baa - 7?
1ba3
In base 14, what is -5775 + -5?
-577a
In base 15, what is 4383a - -3?
4383d
In base 8, what is 13520 + -20?
13500
In base 10, what is -5 + -2365?
-2370
In base 12, what is 1927 - -50?
1977
In base 10, what is -444692 - -1?
-444691
In base 16, what is b30 + -10?
b20
In base 10, what is -55 + 1815?
1760
In base 4, what is -12 - 13213000?
-13213012
In base 8, what is 13 + -675654?
-675641
In base 6, what is -31 + -201051?
-201122
In base 3, what is 11022 + 210121100?
210202122
In base 11, what is -1121 - 14?
-1135
In base 9, what is -4 + -146714?
-146718
In base 7, what is -153 + 56054?
55601
In base 10, what is -26 + 1498?
1472
In base 13, what is 2c1 + 10b5?
13a6
In base 14, what is 107d36 - -1?
107d37
In base 16, what is 0 - -2cfe?
2cfe
In base 9, what is 2 + -21314?
-21312
In base 14, what is 4 - -1a4a8?
1a4ac
In base 5, what is -34 - 123033?
-123122
In base 3, what is -12000202 + -1002?
-12001211
In base 2, what is 111010100100 - -10110001?
111101010101
In base 14, what is -836 + -852?
-1288
In base 8, what is 2067443 - -2?
2067445
In base 4, what is 222031320 + 3?
222031323
In base 10, what is 7728 - 25?
7703
In base 8, what is 3116 - 5?
3111
In base 7, what is 43614113 + -2?
43614111
In base 2, what is -11111 - -1000101100111000?
1000101100011001
In base 15, what is -3a430 - 1?
-3a431
In base 13, what is 39b05 - 0?
39b05
In base 14, what is -a - -418a0?
41894
In base 9, what is -43616 + 3?
-43613
In base 8, what is -1301 - 5?
-1306
In base 16, what is a + 34e?
358
In base 3, what is 12002012 - -10?
12002022
In base 11, what is 5 - -2a045?
2a04a
In base 2, what is -11110111 - -1110010?
-10000101
In base 12, what is 45 - -b595?
b61a
In base 11, what is -3 - 56610?
-56613
In base 6, what is 4 + 10243?
10251
In base 8, what is 62637 - -3?
62642
In base 16, what is 7c35 + 5?
7c3a
In base 14, what is 18ad - -2?
18b1
In base 11, what is 29 + 10a6?
1124
In base 13, what is -51 + -668c?
-6710
In base 11, what is 267 - -135?
3a1
In base 12, what is -128 + 11?
-117
In base 11, what is -6a3565 + 0?
-6a3565
In base 14, what is -2734 + 15?
-271d
In base 15, what is 18c5 + -4d?
1877
In base 9, what is 11 + 1361?
1372
In base 12, what is -11248 + -10?
-11258
In base 14, what is -4 + -1ad7?
-1adb
In base 4, what is 103200322 - 32?
103200230
In base 2, what is 110000111001101 + 110?
110000111010011
In base 10, what is -4 - -29703?
29699
In base 2, what is -110110000101000111 - 1011?
-110110000101010010
In base 4, what is 132 + -2300?
-2102
In base 12, what is -3445 + 7?
-343a
In base 13, what is -253 - 1464?
-16b7
In base 5, what is -331004 - 4?
-331013
In base 6, what is -3 + -4355?
-4402
In base 16, what is -1c + -37?
-53
In base 10, what is -32 - 110?
-142
In base 15, what is 201d - b7?
1e56
In base 9, what is 1505 - -37?
1543
In base 5, what is 11130 + 24?
11204
In base 16, what is 12e43 + -7?
12e3c
In base 4, what is 111302 - 103?
111133
In base 16, what is 109 + 32e?
437
In base 13, what is -15a + 2bc?
162
In base 6, what is -32140 - 5?
-32145
In base 10, what is 4 - 24526?
-24522
In base 16, what is 185f - 18?
1847
In base 9, what is -334 - 170?
-514
In base 14, what is 5174d + 4?
51753
In base 16, what is -cbd + -c6?
-d83
In base 6, what is 5545053 + -11?
5545042
In base 13, what is -140 - 19?
-159
In base 13, what is -38a - -aa?
-2b0
In base 6, what is -111450510 + 4?
-111450502
In base 7, what is -265114 - 1?
-265115
In base 8, what is 20705 - 1?
20704
In base 3, what is -1001101101 - -12021?
-1001012010
In base 12, what is 19b36 - 17?
19b1b
In base 10, what is -11 - 11727?
-11738
In base 6, what is 10 + -44035?
-44025
In base 7, what is -44 - -15103?
15026
In base 9, what is 7308 - -4?
7313
In base 6, what is 153545 + 3?
153552
In base 7, what is 546212 - 0?
546212
In base 14, what is 4653 - -42?
4695
In base 8, what is 6324 - 61?
6243
In base 14, what is -5bccc7 - -1?
-5bccc6
In base 16, what is -10 + 3805?
37f5
In base 9, what is 11335 - 36?
11288
In base 13, what is -a3 - -117?
44
In base 3, what is -111 - -1210201022?
1210200211
In base 15, what is d - 93d?
-930
In base 11, what is -6 + a62?
a57
In base 15, what is -136a8 - 3?
-136ab
In base 2, what is 100011010101011010 - 100?
100011010101010110
In base 6, what is 15330 - -53?
15423
In base 16, what is 3 + fb33?
fb36
In base 3, what is 10100 - -1111?
11211
In base 5, what is 3 - 211402233?
-211402230
In base 16, what is -1907f - 3?
-19082
In base 5, what is -31 - -2311101?
2311020
In base 9, what is -42 + -18170?
-18222
In base 15, what is -4b8 + 5?
-4b3
In base 15, what is -17 + -838?
-850
In base 3, what is -221221221 + 1011?
-221220210
In base 14, what is 9 + -a425?
-a41a
In base 12, what is 1a08 + 336?
2142
In base 8, what is -3746 - 1?
-3747
In base 11, what is -25 + -10924?
-10949
In base 12, what is -521aba + 4?
-521ab6
In base 3, what is -102220 + -112121?
-222111
In base 11, what is -5186 + 4?
-5182
In base 11, what is -2 - -248474?
248472
In base 4, what is -223 - -201011023?
201010200
In base 14, what is 6d3d7 + 4?
6d3db
In base 9, what is -14 + -50641?
-50655
In base 8, what is 121724 - 5?
121717
In base 16, what is 185 + 18?
19d
In base 15, what is 2013 - 1?
2012
In base 15, what is 2 + -17e0?
-17dd
In base 3, what is 1101221212021 + -11?
1101221212010
In base 9, what is 64875 - 5?
64870
In base 11, what is 972 - 601?
371
In base 16, what is -1 - -4945?
4944
In base 16, what is 3 + -aa3b?
-aa38
In base 15, what is -5 - -8a583?
8a57d
In base 4, what is 0 + -333212001?
-333212001
In base 12, what is -1328 - 97a?
-20a6
In base 4, what is -100303 + 1311?
-32332
In base 4, what is 32 + 30302230?
30302322
In base 2, what is 10110001100000010110111 - 0?
10110001100000010110111
In base 10, what is 2 - -37868?
37870
In base 13, what is -a689 + -3?
-a68c
In base 4, what is 13 - 103331?
-103312
In base 2, what is -1010 - 1000010010010?
-1000010011100
In base 15, what is 5 - -115c1?
115c6
In base 16, what is 6603 - -d?
6610
In base 9, what is 3 - 384860?
-384856
In base 15, what is -4731 + -25?
-4756
In base 2, what is -111000 + -10101110?
-11100110
In base 4, what is 31 - 222032?
-222001
In base 8, what is 2266776 - 5?
2266771
In base 7, what is -1 - -10056310?
10056306
In base 8, what is -14 - 11645?
-11661
In base 9, what is 682062 + 2?
682064
In base 13, what